.
41
Calculate the highest common divisor of 147 and 63.
21
What is the greatest common divisor of 6 and 8469?
3
Calculate the highest common divisor of 87 and 1972.
29
Calculate the greatest common factor of 37 and 12839.
37
What is the highest common divisor of 49 and 392?
49
What is the highest common factor of 117 and 13?
13
Calculate the highest common divisor of 184 and 69.
23
Calculate the highest common factor of 25 and 310.
5
What is the greatest common divisor of 39 and 3?
3
Calculate the highest common factor of 11319 and 77.
77
What is the highest common divisor of 1786 and 517?
47
What is the highest common divisor of 20 and 220?
20
What is the greatest common factor of 576 and 1472?
64
Calculate the highest common factor of 2 and 46.
2
What is the greatest common divisor of 327 and 2507?
109
Calculate the highest common divisor of 5698 and 7.
7
What is the highest common divisor of 3033 and 27?
9
Calculate the greatest common factor of 33 and 781.
11
Calculate the highest common divisor of 243 and 9.
9
Calculate the greatest common factor of 23493 and 246.
123
What is the greatest common divisor of 7533 and 62?
31
Calculate the highest common divisor of 38 and 2014.
38
What is the greatest common factor of 240 and 11580?
60
Calculate the greatest common factor of 60 and 1060.
20
What is the highest common factor of 279 and 1209?
93
What is the greatest common divisor of 224 and 128?
32
What is the greatest common divisor of 2040 and 34?
34
What is the greatest common divisor of 91 and 26?
13
What is the greatest common factor of 3268 and 228?
76
Calculate the highest common factor of 341 and 31.
31
Calculate the greatest common divisor of 80 and 272.
16
What is the greatest common factor of 615 and 165?
15
Calculate the highest common divisor of 75 and 8895.
15
What is the greatest common factor of 125 and 50?
25
Calculate the greatest common divisor of 14706 and 129.
129
Calculate the highest common factor of 224 and 49.
7
What is the greatest common divisor of 12 and 2148?
12
What is the highest common factor of 3311 and 99?
11
Calculate the highest common factor of 148 and 1.
1
Calculate the greatest common divisor of 27 and 18828.
9
Calculate the greatest common factor of 80 and 1840.
80
What is the greatest common factor of 7698 and 6?
6
Calculate the highest common divisor of 52 and 741.
13
Calculate the highest common factor of 1121 and 57.
19
Calculate the greatest common factor of 25 and 160.
5
Calculate the greatest common divisor of 981 and 9.
9
Calculate the highest common divisor of 47 and 235.
47
What is the highest common factor of 21 and 784?
7
Calculate the highest common factor of 1391 and 3210.
107
What is the highest common factor of 44 and 330?
22
What is the greatest common divisor of 2014 and 266?
38
Calculate the greatest common factor of 5603 and 104.
13
Calculate the greatest common factor of 85 and 10.
5
Calculate the greatest common factor of 3050 and 854.
122
Calculate the greatest common factor of 3 and 1764.
3
Calculate the highest common factor of 105 and 1190.
35
What is the highest common divisor of 174 and 6?
6
Calculate the highest common divisor of 54 and 24.
6
What is the highest common divisor of 87 and 3?
3
Calculate the highest common factor of 16437 and 3.
3
Calculate the highest common divisor of 108 and 36.
36
Calculate the highest common factor of 40 and 460.
20
What is the highest common factor of 519 and 346?
173
What is the highest common factor of 4 and 47?
1
Calculate the highest common divisor of 93 and 147.
3
Calculate the highest common factor of 723 and 3.
3
Calculate the greatest common factor of 22 and 3641.
11
Calculate the highest common divisor of 175 and 25.
25
What is the highest common factor of 4103 and 11?
11
Calculate the highest common divisor of 78 and 45084.
78
What is the highest common divisor of 150 and 690?
30
Calculate the highest common factor of 101 and 68175.
101
Calculate the greatest common divisor of 190 and 76.
38
What is the greatest common factor of 814 and 22?
22
Calculate the greatest common factor of 7 and 13.
1
What is the greatest common factor of 19 and 931?
19
Calculate the greatest common divisor of 396 and 1476.
36
Calculate the highest common factor of 296 and 37.
37
Calculate the greatest common divisor of 3 and 67.
1
Calculate the greatest common divisor of 114 and 12.
6
What is the greatest common divisor of 241 and 1205?
241
What is the highest common factor of 243 and 9?
9
What is the greatest common divisor of 237 and 6?
3
What is the highest common divisor of 3835 and 39?
13
What is the highest common divisor of 11 and 3091?
11
What is the highest common factor of 207 and 63?
9
What is the greatest common divisor of 330 and 210?
30
What is the greatest common factor of 962 and 222?
74
Calculate the greatest common factor of 20 and 30.
10
Calculate the greatest common factor of 168 and 1992.
24
What is the highest common divisor of 15872 and 31?
31
Calculate the highest common factor of 624 and 429.
39
Calculate the highest common factor of 1536 and 6.
6
Calculate the greatest common factor of 55 and 170.
5
What is the highest common factor of 72 and 288?
72
What is the greatest common factor of 455 and 70?
35
Calculate the highest common factor of 77 and 4543.
77
Calculate the greatest common factor of 232 and 1102.
58
What is the highest common factor of 19656 and 416?
104
Calculate the greatest common factor of 117 and 63.
9
What is the highest common divisor of 16 and 4?
4
Calculate the highest common divisor of 792 and 2024.
88
Calculate the greatest common divisor of 55 and 155.
5
Calculate the highest common divisor of 418 and 2698.
38
Calculate the highest common divisor of 78 and 962.
26
Calculate the greatest common factor of 126 and 864.
18
What is the greatest common factor of 135 and 360?
45
Calculate the greatest common divisor of 135 and 54.
27
What is the highest common factor of 325 and 2525?
25
Calculate the highest common divisor of 511 and 73.
73
What is the highest common factor of 18 and 63?
9
What is the greatest common divisor of 384 and 1176?
24
Calculate the highest common divisor of 176 and 220.
44
What is the highest common divisor of 7503 and 183?
183
Calculate the greatest common factor of 1660 and 10.
10
Calculate the highest common factor of 336 and 1456.
112
Calculate the highest common factor of 380 and 950.
190
What is the highest common divisor of 88 and 56?
8
Calculate the highest common factor of 5723 and 97.
97
Calculate the greatest common divisor of 3510 and 918.
54
Calculate the greatest common factor of 204 and 4488.
204
What is the greatest common factor of 10 and 295?
5
Calculate the greatest common divisor of 172 and 387.
43
What is the highest common divisor of 66 and 18?
6
Calculate the greatest common divisor of 27924 and 26.
26
Calculate the greatest common divisor of 4718 and 14.
14
Calculate the highest common divisor of 47909 and 23.
23
Calculate the highest common divisor of 2205 and 90.
45
Calculate the highest common divisor of 1290 and 78.
6
What is the greatest common factor of 13860 and 112?
28
What is the highest common factor of 39 and 4654?
13
What is the greatest common divisor of 216 and 1800?
72
What is the highest common factor of 14287 and 273?
91
Calculate the greatest common divisor of 784 and 128.
16
Calculate the greatest common divisor of 3650 and 73.
73
What is the highest common factor of 60 and 3936?
12
What is the greatest common divisor of 118 and 4661?
59
What is the greatest common divisor of 59 and 16343?
59
Calculate the highest common factor of 26 and 169.
13
What is the greatest common factor of 88 and 2816?
88
What is the greatest common factor of 90 and 738?
18
Calculate the greatest common divisor of 33 and 9.
3
Calculate the highest common divisor of 83 and 83.
83
What is the highest common divisor of 80 and 970?
10
Calculate the highest common factor of 306 and 68.
34
Calculate the highest common divisor of 212 and 901.
53
What is the highest common divisor of 13 and 9347?
13
Calculate the highest common factor of 54 and 58698.
54
What is the highest common factor of 39 and 1?
1
What is the greatest common divisor of 2904 and 24?
24
Calculate